{"id":5312,"date":"2020-12-22T16:26:08","date_gmt":"2020-12-22T16:26:08","guid":{"rendered":"https:\/\/iluminacionesyservicios.com\/web\/?page_id=5312"},"modified":"2020-12-22T17:10:41","modified_gmt":"2020-12-22T17:10:41","slug":"pqrsd","status":"publish","type":"page","link":"https:\/\/iluminacionesyservicios.com\/web\/pqrsd\/","title":{"rendered":"pqrsd"},"content":{"rendered":"<p>[et_pb_section fb_built=\u00bb1&#8243; _builder_version=\u00bb4.0.6&#8243;][et_pb_row _builder_version=\u00bb4.0.6&#8243;][et_pb_column type=\u00bb4_4&#8243; _builder_version=\u00bb4.0.6&#8243;][et_pb_contact_form email=\u00bbinfo@iluminacionesyservicios.com\u00bb title=\u00bbPQRSD\u00bb success_message=\u00bbMensaje enviado con \u00e9xito!\u00bb _builder_version=\u00bb4.0.6&#8243;][et_pb_contact_field field_id=\u00bbEmail\u00bb field_title=\u00bbDirecci\u00f3n de correo electr\u00f3nico\u00bb field_type=\u00bbemail\u00bb fullwidth_field=\u00bbon\u00bb _builder_version=\u00bb4.0.6&#8243; button_text_size__hover_enabled=\u00bboff\u00bb button_one_text_size__hover_enabled=\u00bboff\u00bb button_two_text_size__hover_enabled=\u00bboff\u00bb button_text_color__hover_enabled=\u00bboff\u00bb button_one_text_color__hover_enabled=\u00bboff\u00bb button_two_text_color__hover_enabled=\u00bboff\u00bb button_border_width__hover_enabled=\u00bboff\u00bb button_one_border_width__hover_enabled=\u00bboff\u00bb button_two_border_width__hover_enabled=\u00bboff\u00bb button_border_color__hover_enabled=\u00bboff\u00bb button_one_border_color__hover_enabled=\u00bboff\u00bb button_two_border_color__hover_enabled=\u00bboff\u00bb button_border_radius__hover_enabled=\u00bboff\u00bb button_one_border_radius__hover_enabled=\u00bboff\u00bb button_two_border_radius__hover_enabled=\u00bboff\u00bb button_letter_spacing__hover_enabled=\u00bboff\u00bb button_one_letter_spacing__hover_enabled=\u00bboff\u00bb button_two_letter_spacing__hover_enabled=\u00bboff\u00bb button_bg_color__hover_enabled=\u00bboff\u00bb button_one_bg_color__hover_enabled=\u00bboff\u00bb button_two_bg_color__hover_enabled=\u00bboff\u00bb][\/et_pb_contact_field][et_pb_contact_field field_id=\u00bbAUTH\u00bb field_title=\u00bbAutorizaci\u00f3n de Datos Personales\u00bb field_type=\u00bbcheckbox\u00bb checkbox_options=\u00bb%91{%22value%22:%22SI%22,%22checked%22:0,%22dragID%22:-1},{%22value%22:%22NO%22,%22checked%22:0,%22dragID%22:0}%93&#8243; _builder_version=\u00bb4.0.6&#8243; form_field_text_align=\u00bbleft\u00bb text_orientation=\u00bbleft\u00bb][\/et_pb_contact_field][et_pb_contact_field field_id=\u00bbedad\u00bb field_title=\u00bbRango de Edad\u00bb field_type=\u00bbselect\u00bb select_options=\u00bb%91{%22value%22:%220 a 10 a\u00f1os%22,%22checked%22:0,%22dragID%22:-1},{%22value%22:%2211 a 17 a\u00f1os%22,%22checked%22:0,%22dragID%22:0},{%22value%22:%2218 a\u00f1os a m\u00e1s%22,%22checked%22:0,%22dragID%22:1}%93&#8243; _builder_version=\u00bb4.0.6&#8243;][\/et_pb_contact_field][et_pb_contact_field field_id=\u00bbsolucitud\u00bb field_title=\u00bbTipo de Solicitud\u00bb field_type=\u00bbselect\u00bb select_options=\u00bb%91{%22value%22:%22Petici\u00f3n%22,%22checked%22:0,%22dragID%22:-1},{%22value%22:%22Queja%22,%22checked%22:0,%22dragID%22:0},{%22value%22:%22Reclamo%22,%22checked%22:0,%22dragID%22:1},{%22value%22:%22Sugerencia o solicitud%22,%22checked%22:0,%22dragID%22:2}%93&#8243; _builder_version=\u00bb4.0.6&#8243;][\/et_pb_contact_field][et_pb_contact_field field_id=\u00bbsolicitante\u00bb field_title=\u00bbTipo de Solicitante\u00bb field_type=\u00bbselect\u00bb select_options=\u00bb%91{%22value%22:%22Persona natural%22,%22checked%22:0,%22dragID%22:-1},{%22value%22:%22Persona jur\u00eddica%22,%22checked%22:0,%22dragID%22:0},{%22value%22:%22Ni\u00f1o%22,%22checked%22:0,%22dragID%22:1},{%22value%22:%22Ni\u00f1a%22,%22checked%22:0,%22dragID%22:2},{%22value%22:%22Adolescente%22,%22checked%22:0,%22dragID%22:3},{%22value%22:%22Apoderado%22,%22checked%22:0,%22dragID%22:4}%93&#8243; _builder_version=\u00bb4.0.6&#8243;][\/et_pb_contact_field][et_pb_contact_field field_id=\u00bbPrimer_Nombre\u00bb field_title=\u00bbPrimer Nombre\u00bb _builder_version=\u00bb4.0.6&#8243; button_text_size__hover_enabled=\u00bboff\u00bb button_one_text_size__hover_enabled=\u00bboff\u00bb button_two_text_size__hover_enabled=\u00bboff\u00bb button_text_color__hover_enabled=\u00bboff\u00bb button_one_text_color__hover_enabled=\u00bboff\u00bb button_two_text_color__hover_enabled=\u00bboff\u00bb button_border_width__hover_enabled=\u00bboff\u00bb button_one_border_width__hover_enabled=\u00bboff\u00bb button_two_border_width__hover_enabled=\u00bboff\u00bb button_border_color__hover_enabled=\u00bboff\u00bb button_one_border_color__hover_enabled=\u00bboff\u00bb button_two_border_color__hover_enabled=\u00bboff\u00bb button_border_radius__hover_enabled=\u00bboff\u00bb button_one_border_radius__hover_enabled=\u00bboff\u00bb button_two_border_radius__hover_enabled=\u00bboff\u00bb button_letter_spacing__hover_enabled=\u00bboff\u00bb button_one_letter_spacing__hover_enabled=\u00bboff\u00bb button_two_letter_spacing__hover_enabled=\u00bboff\u00bb button_bg_color__hover_enabled=\u00bboff\u00bb button_one_bg_color__hover_enabled=\u00bboff\u00bb button_two_bg_color__hover_enabled=\u00bboff\u00bb][\/et_pb_contact_field][et_pb_contact_field field_id=\u00bbSegundo_Nombre\u00bb field_title=\u00bbSegundo Nombre\u00bb required_mark=\u00bboff\u00bb _builder_version=\u00bb4.0.6&#8243; button_text_size__hover_enabled=\u00bboff\u00bb button_one_text_size__hover_enabled=\u00bboff\u00bb button_two_text_size__hover_enabled=\u00bboff\u00bb button_text_color__hover_enabled=\u00bboff\u00bb button_one_text_color__hover_enabled=\u00bboff\u00bb button_two_text_color__hover_enabled=\u00bboff\u00bb button_border_width__hover_enabled=\u00bboff\u00bb button_one_border_width__hover_enabled=\u00bboff\u00bb button_two_border_width__hover_enabled=\u00bboff\u00bb button_border_color__hover_enabled=\u00bboff\u00bb button_one_border_color__hover_enabled=\u00bboff\u00bb button_two_border_color__hover_enabled=\u00bboff\u00bb button_border_radius__hover_enabled=\u00bboff\u00bb button_one_border_radius__hover_enabled=\u00bboff\u00bb button_two_border_radius__hover_enabled=\u00bboff\u00bb button_letter_spacing__hover_enabled=\u00bboff\u00bb button_one_letter_spacing__hover_enabled=\u00bboff\u00bb button_two_letter_spacing__hover_enabled=\u00bboff\u00bb button_bg_color__hover_enabled=\u00bboff\u00bb button_one_bg_color__hover_enabled=\u00bboff\u00bb button_two_bg_color__hover_enabled=\u00bboff\u00bb][\/et_pb_contact_field][et_pb_contact_field field_id=\u00bbPrimer_Apellido\u00bb field_title=\u00bbPrimer Apellido\u00bb _builder_version=\u00bb4.0.6&#8243; button_text_size__hover_enabled=\u00bboff\u00bb button_one_text_size__hover_enabled=\u00bboff\u00bb button_two_text_size__hover_enabled=\u00bboff\u00bb button_text_color__hover_enabled=\u00bboff\u00bb button_one_text_color__hover_enabled=\u00bboff\u00bb button_two_text_color__hover_enabled=\u00bboff\u00bb button_border_width__hover_enabled=\u00bboff\u00bb button_one_border_width__hover_enabled=\u00bboff\u00bb button_two_border_width__hover_enabled=\u00bboff\u00bb button_border_color__hover_enabled=\u00bboff\u00bb button_one_border_color__hover_enabled=\u00bboff\u00bb button_two_border_color__hover_enabled=\u00bboff\u00bb button_border_radius__hover_enabled=\u00bboff\u00bb button_one_border_radius__hover_enabled=\u00bboff\u00bb button_two_border_radius__hover_enabled=\u00bboff\u00bb button_letter_spacing__hover_enabled=\u00bboff\u00bb button_one_letter_spacing__hover_enabled=\u00bboff\u00bb button_two_letter_spacing__hover_enabled=\u00bboff\u00bb button_bg_color__hover_enabled=\u00bboff\u00bb button_one_bg_color__hover_enabled=\u00bboff\u00bb button_two_bg_color__hover_enabled=\u00bboff\u00bb][\/et_pb_contact_field][et_pb_contact_field field_id=\u00bbSegundo_Apellido\u00bb field_title=\u00bbSegundo Apellido\u00bb required_mark=\u00bboff\u00bb _builder_version=\u00bb4.0.6&#8243; button_text_size__hover_enabled=\u00bboff\u00bb button_one_text_size__hover_enabled=\u00bboff\u00bb button_two_text_size__hover_enabled=\u00bboff\u00bb button_text_color__hover_enabled=\u00bboff\u00bb button_one_text_color__hover_enabled=\u00bboff\u00bb button_two_text_color__hover_enabled=\u00bboff\u00bb button_border_width__hover_enabled=\u00bboff\u00bb button_one_border_width__hover_enabled=\u00bboff\u00bb button_two_border_width__hover_enabled=\u00bboff\u00bb button_border_color__hover_enabled=\u00bboff\u00bb button_one_border_color__hover_enabled=\u00bboff\u00bb button_two_border_color__hover_enabled=\u00bboff\u00bb button_border_radius__hover_enabled=\u00bboff\u00bb button_one_border_radius__hover_enabled=\u00bboff\u00bb button_two_border_radius__hover_enabled=\u00bboff\u00bb button_letter_spacing__hover_enabled=\u00bboff\u00bb button_one_letter_spacing__hover_enabled=\u00bboff\u00bb button_two_letter_spacing__hover_enabled=\u00bboff\u00bb button_bg_color__hover_enabled=\u00bboff\u00bb button_one_bg_color__hover_enabled=\u00bboff\u00bb button_two_bg_color__hover_enabled=\u00bboff\u00bb][\/et_pb_contact_field][et_pb_contact_field field_id=\u00bbTipo_de_Identificaci\u00f3n\u00bb field_title=\u00bbTipo de Identificaci\u00f3n\u00bb field_type=\u00bbselect\u00bb select_options=\u00bb%91{%22value%22:%22C\u00e9dula%22,%22checked%22:0,%22dragID%22:-1},{%22value%22:%22C\u00e9dula de extranjer\u00eda%22,%22checked%22:0,%22dragID%22:0},{%22value%22:%22Registro Civil%22,%22checked%22:0,%22dragID%22:1},{%22value%22:%22Tarjeta de identidad%22,%22checked%22:0,%22dragID%22:2}%93&#8243; _builder_version=\u00bb4.0.6&#8243;][\/et_pb_contact_field][et_pb_contact_field field_id=\u00bbN\u00famero_Identificaci\u00f3n\u00bb field_title=\u00bbN\u00famero Identificaci\u00f3n\u00bb _builder_version=\u00bb4.0.6&#8243;][\/et_pb_contact_field][et_pb_contact_field field_id=\u00bbRazon_Social\u00bb field_title=\u00bbRaz\u00f3n Social\u00bb required_mark=\u00bboff\u00bb _builder_version=\u00bb4.0.6&#8243;][\/et_pb_contact_field][et_pb_contact_field field_id=\u00bbNIT\u00bb field_title=\u00bbNIT\u00bb required_mark=\u00bboff\u00bb _builder_version=\u00bb4.0.6&#8243;][\/et_pb_contact_field][et_pb_contact_field field_id=\u00bbPais\u00bb field_title=\u00bbPa\u00eds\u00bb _builder_version=\u00bb4.0.6&#8243;][\/et_pb_contact_field][et_pb_contact_field field_id=\u00bbDepartamento\u00bb field_title=\u00bbDepartamento\u00bb _builder_version=\u00bb4.0.6&#8243;][\/et_pb_contact_field][et_pb_contact_field field_id=\u00bbMunicipio\u00bb field_title=\u00bbMunicipio\u00bb _builder_version=\u00bb4.0.6&#8243;][\/et_pb_contact_field][et_pb_contact_field field_id=\u00bbDomicilio\u00bb field_title=\u00bbDomicilio\u00bb _builder_version=\u00bb4.0.6&#8243;][\/et_pb_contact_field][et_pb_contact_field field_id=\u00bbTel\u00e9fono\u00bb field_title=\u00bbTel\u00e9fono\u00bb fullwidth_field=\u00bbon\u00bb _builder_version=\u00bb4.0.6&#8243;][\/et_pb_contact_field][et_pb_contact_field field_id=\u00bbContenido_de_la_Solicitud\u00bb field_title=\u00bbContenido de la Solicitud\u00bb field_type=\u00bbtext\u00bb fullwidth_field=\u00bbon\u00bb _builder_version=\u00bb4.0.6&#8243; button_text_size__hover_enabled=\u00bboff\u00bb button_one_text_size__hover_enabled=\u00bboff\u00bb button_two_text_size__hover_enabled=\u00bboff\u00bb button_text_color__hover_enabled=\u00bboff\u00bb button_one_text_color__hover_enabled=\u00bboff\u00bb button_two_text_color__hover_enabled=\u00bboff\u00bb button_border_width__hover_enabled=\u00bboff\u00bb button_one_border_width__hover_enabled=\u00bboff\u00bb button_two_border_width__hover_enabled=\u00bboff\u00bb button_border_color__hover_enabled=\u00bboff\u00bb button_one_border_color__hover_enabled=\u00bboff\u00bb button_two_border_color__hover_enabled=\u00bboff\u00bb button_border_radius__hover_enabled=\u00bboff\u00bb button_one_border_radius__hover_enabled=\u00bboff\u00bb button_two_border_radius__hover_enabled=\u00bboff\u00bb button_letter_spacing__hover_enabled=\u00bboff\u00bb button_one_letter_spacing__hover_enabled=\u00bboff\u00bb button_two_letter_spacing__hover_enabled=\u00bboff\u00bb button_bg_color__hover_enabled=\u00bboff\u00bb button_one_bg_color__hover_enabled=\u00bboff\u00bb button_two_bg_color__hover_enabled=\u00bboff\u00bb][\/et_pb_contact_field][et_pb_contact_field field_id=\u00bbModo de Respuesta\u00bb field_title=\u00bbModo de Respuesta\u00bb field_type=\u00bbselect\u00bb select_options=\u00bb%91{%22value%22:%22Tel\u00e9fono celular%22,%22checked%22:0,%22dragID%22:-1},{%22value%22:%22Tel\u00e9fono fijo%22,%22checked%22:0,%22dragID%22:0},{%22value%22:%22Correo electr\u00f3nico%22,%22checked%22:0,%22dragID%22:1},{%22value%22:%22Correo f\u00edsico%22,%22checked%22:0,%22dragID%22:2}%93&#8243; fullwidth_field=\u00bbon\u00bb _builder_version=\u00bb4.0.6&#8243;][\/et_pb_contact_field][\/et_pb_contact_form][et_pb_text _builder_version=\u00bb4.0.6&#8243; hover_enabled=\u00bb0&#8243;]<\/p>\n<p><em><strong>NOTA:<\/strong> Si la respuesta se efect\u00faa por medio de\u00a0<strong>correo certificado<\/strong>, el\u00a0<strong>costo del env\u00edo ser\u00e1 asumido por el usuario<\/strong>\u00a0al momento de la entrega.<\/em><\/p>\n<p>[\/et_pb_text][\/et_pb_column][\/et_pb_row][\/et_pb_section]<\/p>\n","protected":false},"excerpt":{"rendered":"<p>NOTA: Si la respuesta se efect\u00faa por medio de\u00a0correo certificado, el\u00a0costo del env\u00edo ser\u00e1 asumido por el usuario\u00a0al momento de la entrega.<\/p>\n","protected":false},"author":1,"featured_media":0,"parent":0,"menu_order":0,"comment_status":"closed","ping_status":"closed","template":"","meta":{"_et_pb_use_builder":"on","_et_pb_old_content":"","_et_gb_content_width":"","_joinchat":[],"footnotes":""},"class_list":["post-5312","page","type-page","status-publish","hentry"],"_links":{"self":[{"href":"https:\/\/iluminacionesyservicios.com\/web\/wp-json\/wp\/v2\/pages\/5312","targetHints":{"allow":["GET"]}}],"collection":[{"href":"https:\/\/iluminacionesyservicios.com\/web\/wp-json\/wp\/v2\/pages"}],"about":[{"href":"https:\/\/iluminacionesyservicios.com\/web\/wp-json\/wp\/v2\/types\/page"}],"author":[{"embeddable":true,"href":"https:\/\/iluminacionesyservicios.com\/web\/wp-json\/wp\/v2\/users\/1"}],"replies":[{"embeddable":true,"href":"https:\/\/iluminacionesyservicios.com\/web\/wp-json\/wp\/v2\/comments?post=5312"}],"version-history":[{"count":10,"href":"https:\/\/iluminacionesyservicios.com\/web\/wp-json\/wp\/v2\/pages\/5312\/revisions"}],"predecessor-version":[{"id":5330,"href":"https:\/\/iluminacionesyservicios.com\/web\/wp-json\/wp\/v2\/pages\/5312\/revisions\/5330"}],"wp:attachment":[{"href":"https:\/\/iluminacionesyservicios.com\/web\/wp-json\/wp\/v2\/media?parent=5312"}],"curies":[{"name":"wp","href":"https:\/\/api.w.org\/{rel}","templated":true}]}}